6137388 and 144.
36
Calculate the highest common factor of 2581 and 9043.
1
What is the greatest common factor of 19 and 2885981478?
19
Calculate the greatest common divisor of 1962 and 301464.
18
Calculate the highest common factor of 53772 and 809.
1
What is the greatest common factor of 2852070 and 3906420?
2130
What is the greatest common divisor of 124 and 25774826?
62
What is the highest common factor of 174791 and 95481?
103
What is the greatest common divisor of 64727 and 10257?
13
What is the highest common factor of 9510714 and 6?
6
What is the greatest common divisor of 16250668 and 1288?
28
What is the greatest common factor of 26242006 and 623?
623
What is the greatest common factor of 16100 and 173207020?
3220
What is the greatest common factor of 561 and 5550963?
33
Calculate the greatest common divisor of 17179808 and 32.
32
What is the highest common divisor of 30552 and 1691080?
536
What is the highest common divisor of 131 and 1525888?
131
Calculate the greatest common factor of 984 and 157723392.
984
Calculate the highest common factor of 3623904 and 27936.
288
What is the highest common factor of 1196 and 5245058?
598
Calculate the greatest common divisor of 54464521 and 183.
61
Calculate the highest common divisor of 1618 and 97656817.
809
Calculate the highest common divisor of 11118928 and 117844.
6932
Calculate the highest common factor of 6110 and 3939910.
130
What is the highest common divisor of 1463886 and 3456?
54
What is the greatest common divisor of 892 and 3076?
4
Calculate the greatest common factor of 210 and 2175852.
42
What is the greatest common factor of 811496 and 52?
4
What is the highest common divisor of 33629496 and 552?
552
Calculate the highest common divisor of 113609169 and 56619.
6291
What is the greatest common divisor of 851 and 1010712?
23
What is the highest common divisor of 179924481 and 935?
187
Calculate the highest common divisor of 6050744 and 25718.
2338
What is the greatest common divisor of 798171 and 8151?
627
Calculate the greatest common factor of 507710490 and 5094.
1698
Calculate the highest common factor of 212123262 and 26.
26
Calculate the highest common divisor of 589128 and 5676.
12
What is the highest common divisor of 3065152 and 2162?
94
Calculate the highest common divisor of 20554 and 11610.
86
Calculate the highest common divisor of 102151708 and 12104.
6052
Calculate the greatest common factor of 986056 and 1150.
46
Calculate the greatest common factor of 90707104 and 68.
68
Calculate the highest common factor of 136647 and 265923.
567
Calculate the greatest common divisor of 2066784075 and 1203.
1203
What is the greatest common factor of 18 and 93407049?
9
What is the greatest common divisor of 15985441 and 6137?
361
What is the greatest common divisor of 20544 and 1927616?
64
Calculate the greatest common divisor of 1225286762 and 98.
14
What is the greatest common factor of 17365 and 78739856?
3473
What is the greatest common factor of 30906755 and 1595?
55
Calculate the greatest common factor of 4021551 and 1179.
9
Calculate the greatest common factor of 1206 and 163521.
9
What is the highest common factor of 432 and 2398057776?
144
What is the greatest common divisor of 2216 and 143304?
8
Calculate the highest common factor of 322248 and 11252.
116
What is the greatest common factor of 795 and 163635?
15
Calculate the greatest common divisor of 83278301 and 1678.
839
Calculate the greatest common divisor of 211152 and 111.
3
Calculate the greatest common factor of 16150 and 3357775.
475
What is the greatest common factor of 10400748 and 496?
124
What is the highest common divisor of 55195728 and 1281?
1281
What is the highest common factor of 101924 and 2178472?
1228
What is the highest common factor of 84037392 and 135?
27
Calculate the highest common factor of 6462826890 and 78.
78
What is the greatest common divisor of 149134792 and 636?
212
What is the greatest common factor of 52487508 and 2096?
524
What is the highest common factor of 1950 and 70044?
78
What is the highest common factor of 2884 and 535948?
28
Calculate the highest common factor of 22149645 and 945.
105
Calculate the highest common divisor of 15631 and 4109875.
539
Calculate the greatest common factor of 3774 and 365729534.
1258
Calculate the highest common divisor of 28833754 and 190.
38
What is the highest common divisor of 2660 and 5036615?
95
What is the greatest common divisor of 10 and 73276030?
10
What is the greatest common divisor of 121 and 974802983?
121
What is the greatest common factor of 78 and 2893854?
6
Calculate the highest common divisor of 315228870 and 53425.
10685
What is the highest common factor of 636 and 97476?
12
Calculate the highest common factor of 234070 and 16832.
526
Calculate the greatest common divisor of 5086470 and 255.
15
What is the greatest common factor of 351152315 and 5420?
1355
Calculate the greatest common divisor of 789453 and 909.
9
Calculate the greatest common factor of 282 and 335157.
141
Calculate the greatest common divisor of 258 and 59398179.
129
What is the greatest common factor of 13599928 and 1608?
536
What is the highest common factor of 83781651 and 1038?
519
What is the greatest common factor of 33199129 and 6964?
1741
What is the highest common factor of 249 and 787676889?
249
What is the highest common divisor of 92628 and 796?
4
What is the greatest common factor of 45752 and 6714?
2
Calculate the greatest common divisor of 1385444719 and 2606.
1303
Calculate the highest common factor of 4802 and 71834.
98
Calculate the highest common divisor of 14863 and 63.
1
Calculate the highest common divisor of 149210564 and 2108.
2108
Calculate the highest common factor of 102741761 and 35598.
5933
What is the greatest common divisor of 730 and 13383674?
146
Calculate the greatest common factor of 1347187 and 1343.
79
Calculate the greatest common divisor of 1022310876 and 12.
12
What is the highest common factor of 1105408 and 799?
17
Calculate the greatest common factor of 3930246 and 125906.
194
Calculate the highest common divisor of 292377654 and 27810.
5562
Calculate the greatest common divisor of 238359074 and 1564.
782
What is the highest common factor of 316261974 and 6?
6
Calculate the highest common factor of 8459594 and 176.
22
Calculate the greatest common divisor of 1389962 and 28.
14
What is the highest common factor of 1278717 and 42999?
33
Calculate the highest common divisor of 114810 and 5073.
267
What is the greatest common factor of 1348 and 263724742?
674
Calculate the highest common divisor of 195042919 and 13809.
4603
Calculate the greatest common divisor of 7263 and 1212383.
269
Calculate the greatest common factor of 2756 and 261025.
53
What is the greatest common divisor of 3129 and 254604?
21
Calculate the greatest common divisor of 13840 and 89084620.
3460
What is the highest common factor of 612 and 8261184?
204
What is the greatest common divisor of 20731945 and 2470?
1235
Calculate the highest common factor of 4784 and 19686436.
92
Calculate the greatest common divisor of 9210 and 10650.
30
Calculate the highest common factor of 616 and 38724840.
616
Calculate the highest common factor of 43187487 and 21.
21
What is the greatest common factor of 10367720 and 440?
440
What is the highest common factor of 2497352 and 14872?
1144
Calculate the greatest common factor of 135959 and 3581401.
1721
What is the highest common divisor of 6706 and 17477752?
958
Calculate the highest common divisor of 2227161 and 608.
19
What is the highest common divisor of 1353 and 766029?
33
What is the greatest common factor of 6273572 and 21436?
92
Calculate the greatest common divisor of 108 and 389773872.
36
What is the greatest common factor of 32 and 38120312?
8
What is the highest common factor of 267002109 and 3267?
3267
What is the greatest common factor of 312436 and 87020?
76
What is the highest common factor of 90 and 6272307?
9
Calculate the highest common factor of 9755207 and 253.
11
What is the highest common factor of 345 and 22548255?
15
What is the highest common factor of 33765435 and 605?
55
Calculate the greatest common factor of 32569945 and 37355.
1205
What is the highest common divisor of 42 and 6805